- 8*t. Suppose 2*v + t*v = 56. What are the prime factors of v?
2, 7
Suppose 66*d - 93 = 63*d. List the prime factors of d.
31
Suppose -5*y = 5*j - 5, 2*j + 3*y - 5 = 1. Let l(n) = n**2 + 4*n + 6. Let h be l(-4). Let o = j + h. What are the prime factors of o?
3
Let w(l) = -36*l + 24. List the prime factors of w(-11).
2, 3, 5, 7
Suppose -4*q - q + 4*f - 112 = 0, -5*f = 10. What are the prime factors of (-1)/(-1 - 22/q)?
2, 3
Suppose -2*l = 4*s - 78, -3*l + 39 = 3*s - 8*l. Suppose 4*c - s = c. List the prime factors of c.
2, 3
Let f(d) = -2 - 3 + 2 - 17*d - 1. List the prime factors of f(-2).
2, 3, 5
Let t(p) = -2*p**3 - p**2 + 2*p. Let k be (-32)/18 + 2/(-9). Let x be t(k). What are the prime factors of 2/4 + 116/x?
3, 5
List the prime factors of (-100)/(-8)*(42/15 + -2).
2, 5
Let d = 160 + -111. Suppose 0 = -3*g - 2*k + 37, 5*g + 4*k - d = 10. What are the prime factors of g?
3, 5
Let z(y) = y**3 - 2*y**2 + y + 6. List the prime factors of z(4).
2, 3, 7
Let i be 36/10 - (-10)/25. Suppose 4*v + n = i + 5, 3*v = -3*n. What are the prime factors of 28/6 + v/9?
5
Suppose 2*k + 1350 = 8*k. List the prime factors of k.
3, 5
Let f(g) = g**2 + 2*g - 3. Let z be f(-3). Suppose 2*x + 3*r = -z*r + 37, 4*x - 4*r = 44. What are the prime factors of x?
2, 7
Let h(n) = -n**3 - 5*n**2 + 7*n + 8. Let o be h(-6). Suppose 73 = 5*t + o*j, 2*j - 3 = t - 2*j. List the prime factors of t.
13
Let n(l) = 0*l**3 + l**3 + 5*l**2 - 7 - 2*l + 3. List the prime factors of n(-4).
2, 5
Let d(p) = -4*p. Let q be d(-4). Let s = 26 - q. What are the prime factors of s?
2, 5
Let q = -27 - -133. List the prime factors of q.
2, 53
Let y = 1 + 3. Let v = y - -2. List the prime factors of v.
2, 3
Let w be 3/1 + 33/(-1). Let u be ((-8)/10)/(6/w). Suppose -3*b = -u*b + 5. What are the prime factors of b?
5
Suppose 0 = 5*g - 5*b - 380, -2*g + 121 + 26 = -b. What are the prime factors of g?
71
Let y = -16 - -13. Let l = y - -18. What are the prime factors of l?
3, 5
List the prime factors of (-252)/(-45)*(-30)/(-4).
2, 3, 7
Suppose 0 = -3*u + u + 18. What are the prime factors of u?
3
Suppose 5*w + 8 = h + 24, -2*h = -4*w + 14. List the prime factors of ((-21)/2 - w)*-2.
3
Suppose 2*m + 2*m + 2*c = -20, -2*m + 5*c - 10 = 0. Let j = m - -12. What are the prime factors of j?
7
Suppose -2*j = 2*f + 6, -3*f + 2*j = -4 - 2. Suppose -6*o + o + 110 = f. What are the prime factors of o?
2, 11
Let o be (-1)/2*-2 - 0. List the prime factors of o + 3 + -1 + 2.
5
Suppose 0 = 4*b - b - 36. List the prime factors of b.
2, 3
Suppose 0 - 32 = -4*u. Let x = -11 - -16. Let f = u - x. List the prime factors of f.
3
List the prime factors of 24/(-16)*4/(-3).
2
Let m(y) = y**2 + y - 1. Let p(w) = 6 + w + 2*w**3 - 5*w**3 + 4*w**3. Let h(q) = -5*m(q) - p(q). What are the prime factors of h(-4)?
7
Suppose -z - 2*z + 4*a = -83, -4*a = 5*z - 181. List the prime factors of z.
3, 11
Let a = 17 + -2. List the prime factors of a.
3, 5
Let f be 9/(-6) + (-6)/4. Let b = 19 + -12. Let x = f + b. List the prime factors of x.
2
Let l(w) = 2*w - 6. Let q be l(5). Let v be (-8)/4 - 1*-7. List the prime factors of 34/v - q/(-20).
7
Suppose -5*m + 3*a = -0*m - 701, m - 5*a = 127. What are the prime factors of m?
2, 71
Suppose 20 = 2*v + 2*v. Suppose -5 = -3*n + v*q, 0 = 5*n - 0*n - 5*q - 25. List the prime factors of n.
2, 5
Suppose 0 = 4*s - 2*s + 6. Let u = 7 + s. Suppose -u*a + 5*a = 3*v - 23, -3*v + 13 = a. What are the prime factors of v?
2, 3
Let r(h) = 3*h - 3. Suppose -40 = 2*c - 0*c. Let x be c/(-6) - 4/12. What are the prime factors of r(x)?
2, 3
Let i be (8/(-20))/(2/(-20)). List the prime factors of (-180)/(-16) - 1/i.
11
Let p be (5 - -1)/(6/3). Suppose -5*s = -2*s - 12. Let u = p + s. List the prime factors of u.
7
Let t(c) = 34*c - 27. What are the prime factors of t(8)?
5, 7
Let q(o) = 15*o**2 - 2*o - 1. Let y = 0 - 1. Let a be q(y). Let x = 26 - a. List the prime factors of x.
2, 5
List the prime factors of (-700)/(-21)*6/5.
2, 5
Let s(k) = -k**3 + 3*k**2 - 5*k + 2. What are the prime factors of s(-4)?
2, 67
Let w(x) = 2*x + 12. Let d be w(-11). List the prime factors of (14/(-5))/(2/d).
2, 7
Let f = 4 + -11. Let v = f + 5. What are the prime factors of (v/3)/(1/(-12))?
2
Suppose -4*y = -9*y - 220. Let v be (y/(-8))/(1/(-2)). Let x = 21 + v. List the prime factors of x.
2, 5
Let s be -57*(1 + -3)/6. Let i be (s/4 - 0)*4. Suppose -5*y + 16 = -i. List the prime factors of y.
7
Let a = 52 + -18. What are the prime factors of a?
2, 17
Suppose 0 = 2*u + 3*u + 20. Let a = u - -7. What are the prime factors of a?
3
Let s(j) = -8*j - 5. Let n be s(-5). Let r = n - 20. List the prime factors of r.
3, 5
Let k = -239 - -427. What are the prime factors of k?
2, 47
Suppose 716 - 2972 = -8*i. List the prime factors of i.
2, 3, 47
Let a(u) = -5*u**3 + 5*u**2 + 3*u - 16. Let s(m) = 4*m**3 - 6*m**2 - 2*m + 16. Let x(c) = -5*a(c) - 6*s(c). What are the prime factors of x(-11)?
17
Let s be 4/(-6)*(1 + -22). Let p be 7/9 + 4/18. What are the prime factors of (s/(-6))/(p/(-6))?
2, 7
Suppose -2*r + 4 + 0 = 0, 0 = l + 4*r - 139. What are the prime factors of l?
131
Let d(s) = s**2 - 13*s + 7. Let a be d(13). Suppose 4*g = 37 + a. List the prime factors of g.
11
Let p(a) = -a + 8. Let r be p(10). Let b(t) = 3*t**2 + 2*t + 6. Let j(u) = -3*u**2 - 2*u - 5. Let l(f) = -5*b(f) - 6*j(f). List the prime factors of l(r).
2
Let p = -6 - -12. List the prime factors of 14/p - (-6)/9.
3
Let l be (20/(-30))/(4/(-30)). What are the prime factors of (10 - 8) + 1*l?
7
Let q be 3*-3*4/18. What are the prime factors of q/3 + (-52)/(-6)?
2
List the prime factors of 11556/189 - 2/14.
61
Let c = -170 + 270. List the prime factors of c.
2, 5
Suppose -2*v + 6 = -0*v + r, -5*v - 3*r + 15 = 0. Suppose 3 + v = 3*s. List the prime factors of -11*3/(-6)*s.
11
Suppose 4*n = -5*w + 521, -3*w + 3*n = -0*w - 318. List the prime factors of w.
3, 5, 7
Suppose 2*h = 5*z - 3*z - 20, 2*h = z - 12. What are the prime factors of z?
2
Suppose 96 = 5*i - 69. List the prime factors of i.
3, 11
Suppose -5*f = -2*y + 28, 0 = -y - f - 4*f - 16. Suppose -y*s + 2*s + 22 = 0. What are the prime factors of s?
11
What are the prime factors of (-9*1)/((-9)/108)?
2, 3
Let f(u) = -u + 1. Let z = -5 + 1. Let j be f(z). Suppose 15 = -j*v, -2*q = -3*q + v + 12. What are the prime factors of q?
3
List the prime factors of (1 + (-9)/5)/((-2)/155).
2, 31
Let v(r) = -r**2 + 23*r - 29. List the prime factors of v(20).
31
Suppose -5*l = -k - 189, 5*l - 177 = -2*k - 0*k. Let u = 55 - l. What are the prime factors of u?
2, 3
Suppose -4*f + f - 99 = 0. Let u = f + 59. List the prime factors of u.
2, 13
Suppose -36 - 33 = -3*n. List the prime factors of n.
23
Let a(m) = -3*m - 2*m**2 - 2*m + m**3 + 4*m. Suppose 4*b - 11 = 1. List the prime factors of a(b).
2, 3
Suppose 3*y + 5*v = -0*y + 40, -20 = -2*y - 5*v. What are the prime factors of y?
2, 5
Let u(q) be the third derivative of q**6/120 - q**5/10 + q**4/24 + 7*q**3/6 + 2*q**2. List the prime factors of u(6).
13
Let i be -6*(-4)/(-16)*4. Let w(f) = -7*f + 1. Let j be w(-3). Let u = j + i. List the prime factors of u.
2
Let x = -4 - -4. Suppose 125 = 5*r - x*r. What are the prime factors of r?
5
Let o = 201 - 121. List the prime factors of o.
2, 5
Let x(c) = c**2 - c. Let z(w) = 10*w**2 + 2*w - 1. Let s be z(1). Let u = 9 - s. What are the prime factors of x(u)?
2, 3
Suppose -5*t + 2*b + 2 = 0, -4*b = 2*t - 0 + 4. Suppose t = f - 3 + 1. Suppose -q = -f + 4, 18 = 2*l + 3*q. List the prime factors of l.
2, 3
Let m(z) = z**2 - 11*z + 55. What are the prime factors of m(10)?
3, 5
Let l(z) = 5*z**3 - 4*z**2 - 3. Let j be l(3). Suppose -4*a + 5*n = -j, -a - a = -n - 48. What are the prime factors of a?
2, 3
Let g = -22 - -37. Let x = 2 + g. List the prime factors of x.
17
Let k(g) = g**3 - 4*g**2 + 9*g + 3. List the prime factors of k(5).
73
Suppose 3*c - 150 = -2*y, 0*c = 4*c + 5*y - 193. What are the prime factors of c?
2, 13
Let i = -113 + 169. What are the prime factors of i?
2, 7
Let a be ((-42)/4)/(-3)*-6. Let g = 29 + a. List the prime factors of g.
2
Let t(l) = 5*l - 10. Let b be t(8). Suppose u = -4*u - b. Let w = 8 + u. What are the prime factors of w?
2
Let s be (7 - 8) + 1 + 0. Suppose s = -z - 5*m + 50, 4*z - 2*m - 115 = -z. What 